{"id":37,"date":"2016-10-11T19:33:42","date_gmt":"2016-10-11T19:33:42","guid":{"rendered":"http:\/\/hundeschule-as.com\/?page_id=37"},"modified":"2018-02-23T09:51:31","modified_gmt":"2018-02-23T09:51:31","slug":"anfahrt","status":"publish","type":"page","link":"https:\/\/hundeschule-as.com\/?page_id=37","title":{"rendered":"Anfahrt"},"content":{"rendered":"<p><iframe loading=\"lazy\" style=\"border: 0;\" src=\"https:\/\/www.google.com\/maps\/embed?pb=!1m14!1m8!1m3!1d6839.724763033983!2d11.808779!3d49.421942!3m2!1i1024!2i768!4f13.1!3m3!1m2!1s0x0%3A0xd5043a71f7d248a9!2sOrtsgruppe+Amberg-Sulzbach!5e1!3m2!1sde!2sde!4v1485803819496\" width=\"600\" height=\"450\" frameborder=\"0\" allowfullscreen=\"allowfullscreen\"><\/iframe><\/p>\n<p>Unser gro\u00dfz\u00fcgig umz\u00e4untes Gel\u00e4nde befindet sich in<br \/>\ndirekter Nachbarschaft zum <a target=\"_blank\" href=\"http:\/\/tierheim-amberg.de\/\">Amberger Tierheim.<\/a><\/p>\n<p>Am einfachsten sind wir aus Richtung Amberg\/Gailoh zu finden:<br \/>\nEinfach der Stra\u00dfe in Richtung des Tierheimes folgen.<br \/>\nAuf den Letzten 100 Metern befindet sich ein Wegweiser,<br \/>\nder in Richtung unseres Gel\u00e4ndes zeigt.<\/p>\n","protected":false},"excerpt":{"rendered":"<p>Unser gro\u00dfz\u00fcgig umz\u00e4untes Gel\u00e4nde befindet sich in direkter Nachbarschaft zum Amberger Tierheim. Am einfachsten sind wir aus Richtung Amberg\/Gailoh zu finden: Einfach der Stra\u00dfe in Richtung des Tierheimes folgen. Auf den Letzten 100 Metern befindet sich ein Wegweiser, der in Richtung unseres Gel\u00e4ndes zeigt.<\/p>\n","protected":false},"author":1,"featured_media":0,"parent":0,"menu_order":48,"comment_status":"closed","ping_status":"closed","template":"","meta":{"generate_page_header":"","footnotes":""},"class_list":["post-37","page","type-page","status-publish"],"_links":{"self":[{"href":"https:\/\/hundeschule-as.com\/index.php?rest_route=\/wp\/v2\/pages\/37","targetHints":{"allow":["GET"]}}],"collection":[{"href":"https:\/\/hundeschule-as.com\/index.php?rest_route=\/wp\/v2\/pages"}],"about":[{"href":"https:\/\/hundeschule-as.com\/index.php?rest_route=\/wp\/v2\/types\/page"}],"author":[{"embeddable":true,"href":"https:\/\/hundeschule-as.com\/index.php?rest_route=\/wp\/v2\/users\/1"}],"replies":[{"embeddable":true,"href":"https:\/\/hundeschule-as.com\/index.php?rest_route=%2Fwp%2Fv2%2Fcomments&post=37"}],"version-history":[{"count":7,"href":"https:\/\/hundeschule-as.com\/index.php?rest_route=\/wp\/v2\/pages\/37\/revisions"}],"predecessor-version":[{"id":452,"href":"https:\/\/hundeschule-as.com\/index.php?rest_route=\/wp\/v2\/pages\/37\/revisions\/452"}],"wp:attachment":[{"href":"https:\/\/hundeschule-as.com\/index.php?rest_route=%2Fwp%2Fv2%2Fmedia&parent=37"}],"curies":[{"name":"wp","href":"https:\/\/api.w.org\/{rel}","templated":true}]}}